 Calculate the remainder when 35 is divided by j.
8
Let t = -7 + 34. What is the remainder when 133 is divided by t?
25
Calculate the remainder when (-1 - 1)*(-115)/10 is divided by 8.
7
Suppose -3*p - 6 = 0, 3*p - 2 = 4*d - 80. What is the remainder when 141 is divided by d?
15
Let b be (-126)/(-4)*(-4)/(-3). Suppose 7*z - b = 4*z. Calculate the remainder when 25 is divided by z.
11
Suppose 29 - 47 = -3*s. Calculate the remainder when 16 is divided by s.
4
Suppose 5*y - 202 - 213 = 0. Suppose 37 = 4*k - y. What is the remainder when k is divided by 8?
6
Let t = -36 - -40. What is the remainder when 11 is divided by t?
3
Let b be 4/(-8)*(-36)/3. Suppose b*j = -64 + 214. Calculate the remainder when 73 is divided by j.
23
Let b = -65 - -122. Suppose 0*n + 5*n - 100 = 0. Calculate the remainder when b is divided by n.
17
Let v(o) = o - 10. Let c be v(0). Let i = -64 - -66. What is the remainder when (4 - 6)*c/4 is divided by i?
1
Let s(b) = b**2 - 27*b + 53. Calculate the remainder when s(27) is divided by (1 - -1)/((-2)/(-18)).
17
Let c(x) = -x**3 - x - 1. Suppose -3*y = q - 1, -4*q - 2*y = q + 8. What is the remainder when 26 is divided by c(q)?
8
Suppose 0 = -10*n + 3*n + 84. What is the remainder when 33 is divided by n?
9
Let x(u) = -u**3 - u**2 - u + 16. Let n be x(0). Let b = n + -35. Let p = b - -37. What is the remainder when 34 is divided by p?
16
Let n = 544 - 529. Let i = 171 - 99. Calculate the remainder when i is divided by n.
12
Let z = 157 - 66. What is the remainder when z is divided by 19?
15
Suppose 0 = 10*o - 695 + 15. Calculate the remainder when o is divided by 25.
18
Let h(p) = -8*p - 109. Suppose x - c = 36, -x - 16 + 44 = c. What is the remainder when x is divided by h(-15)?
10
Let h(m) = -4*m + 3*m - 7*m**3 - m**2 - 8*m**3. Let z be h(-1). Let u = -7 + z. Calculate the remainder when 15 is divided by u.
7
Let t = -1 - -2. Calculate the remainder when 23 is divided by t/(3 - (-17)/(-6)).
5
Suppose 5*d - 2*d = -192. Let l = -37 - d. What is the remainder when l is divided by 14?
13
Suppose 0 = -4*o + o + 687. Suppose -3*w - 372 = 7*q - 2*q, -3*q + 4*w = o. Let k = -26 - q. Calculate the remainder when k is divided by 17.
15
Suppose -r - 4*r = m - 20, -5 = 4*r + 5*m. What is the remainder when r is divided by (-1)/(0 + (-1)/2)?
1
Let i(v) = -4*v**3 - 2*v**2 + 1. Let u(y) = -2*y - 3. Calculate the remainder when i(-2) is divided by u(-6).
7
Let a = -8 - -25. What is the remainder when (-200)/(-6) - 1/3 is divided by a?
16
Let u = 82 + -58. Calculate the remainder when u is divided by 14.
10
Let b(h) = h + 4. Let q(c) = -109*c + 1. Let p be q(-1). Suppose 5*d = -0*d + p. What is the remainder when d is divided by b(4)?
6
Suppose j = 3*k + 18, 26 = 2*j + k + 3*k. Let g = -110 + 168. What is the remainder when g is divided by j?
13
Let o be (3 + -9)*121/(-3). Let p be 18/30 - o/(-5). Let g = p + 5. Calculate the remainder when g is divided by 14.
12
Suppose 4*a = 8 + 4. Suppose 5*r + 2 = -a. What is the remainder when 13 is divided by 0 + -3 - 11/r?
5
Let h = -28 + 8. What is the remainder when 120/21 + (-2)/(-7) is divided by 5/h + 17/4?
2
Let y(w) = -w**3 + 5*w**2 + 5*w - 3. Let l(q) = -q**2 - 21*q - 26. What is the remainder when y(5) is divided by l(-19)?
10
Suppose -5*g = -4*g. Suppose 4*j - 44 = -g*j. Calculate the remainder when 31 is divided by j.
9
Let k = -32 + 35. What is the remainder when 3 is divided by k?
0
Suppose w = 3 - 2, -139 = -5*k + w. Calculate the remainder when 54 is divided by k.
26
Suppose -3*b + 4*j = -254, -2*j = 2*j + 8. Calculate the remainder when b is divided by 28.
26
Suppose 5*t = -5, 14 = 3*u - t - 14. Let v be (1/1 - 2) + 2. Calculate the remainder when -50*2/(-4)*v is divided by u.
7
Suppose -19 = -m + 25. Suppose -3*s - 24 = 27. Let p = m + s. What is the remainder when p is divided by 14?
13
Suppose 20 = -5*k, -184 - 28 = -3*f - 4*k. What is the remainder when f is divided by 11?
10
Let h(l) = 2*l - 1. Suppose 2*p + 3*v + v = 24, 3*p = -3*v + 27. Calculate the remainder when 41 is divided by h(p).
8
Let a = -91 + 99. Let v(y) = 14*y**2. Let c = 4 - 3. Calculate the remainder when v(c) is divided by a.
6
Suppose 6*k - 4*k - 106 = 0. What is the remainder when k is divided by 9?
8
Let x be (6 + -6)*(-2)/4. Suppose m = 5*j + 25, x = 4*m - 6*j + 3*j - 32. What is the remainder when 8 is divided by m?
3
Let g(h) = h**2 + 10*h + 14. Let l be g(-9). Suppose -14 = -u - u + 4*r, 0 = u - l*r + 8. Calculate the remainder when u is divided by 10.
7
Calculate the remainder when 73 is divided by (19/3)/((-13)/(-39)).
16
Let x(r) = -104*r. Let p be x(-2). Let d be (9/6)/(6/p). Suppose 4*v - i - d = i, -v = -3*i - 8. Calculate the remainder when v is divided by 5.
4
Let a(j) = 6*j**3 + 14*j**3 + j - 6 + 5 - 4*j**3. What is the remainder when 46 is divided by a(1)?
14
Let k = -4 + 9. Suppose 3*v = 5*r + 64, -k*v + 10*v + 2*r = 55. Calculate the remainder when 50 is divided by v.
11
Let w = -19 - -37. What is the remainder when 70 is divided by w?
16
Suppose -2*q + 4 = -20. What is the remainder when 45 is divided by q?
9
What is the remainder when 56 is divided by (-6)/4*(3 - (15 + -4))?
8
Let n = -1 - -6. Suppose h + 2*h = b + 6, b = n*h - 12. Suppose 4*o - h*o = 8. Calculate the remainder when 23 is divided by o.
7
Suppose -13 = -w + 5. Let p be ((-36)/16)/(9/(-24)). Suppose 4 + p = h. Calculate the remainder when w is divided by h.
8
Suppose 6 = -2*v, -5*p + 4*p + 76 = -5*v. Calculate the remainder when p is divided by 21.
19
Suppose -5*s - 35 = -0*s. Let r be -12 + (s - -3)/(-2). Calculate the remainder when (-486)/r - 9/15 is divided by 17.
14
Let u = 15 + -10. Suppose 65 + 10 = u*a. What is the remainder when a is divided by 8?
7
Let p be ((-3)/(-6))/(1/2). Let c = p - -1. Suppose 4 = u - 0*u. What is the remainder when u is divided by c?
0
Suppose 5*m - h + 7 = 0, h - 6 = 3*m + m. Let b = 24 - 19. Calculate the remainder when (3 - b)*m + 21 is divided by 12.
11
Calculate the remainder when (-3)/(4 - ((-1284)/(-104))/3) is divided by 8.
2
Let r = 14 - 5. Suppose -5 - r = -2*t. Suppose p - 7 - 2 = 4*z, 3*z = p - 10. Calculate the remainder when p is divided by t.
6
Suppose -3*i = z - 7, 6*z + 2*i + 12 = 2*z. Let c be 2/z + (-8)/5. What is the remainder when c/1 - 8/(-1) is divided by 4?
2
Let a(m) = 20*m + 5. Let s be a(4). Suppose -3*v - 2*v - s = -5*f, -f = v - 25. Calculate the remainder when f is divided by 8.
5
Calculate the remainder when 16 is divided by (16/24)/((2 + -5)/(-27)).
4
Let w be -3*(-3 - -2) - 0. Let l be w/6 - 11/(-2). What is the remainder when 5 is divided by 1 + 1 + (l - 4)?
1
Let a be 8/(-16) - (-117)/2. Let o = a - 34. What is the remainder when o is divided by 13?
11
Let d(q) = q**2 - q + 67. Let t = 16 - -7. Calculate the remainder when d(0) is divided by t.
21
Suppose 0 = -10*k + 4*k + 162. Calculate the remainder when k is divided by 5.
2
Let l = 79 - 53. What is the remainder when 101 is divided by l?
23
Suppose 8 = n - 21. Suppose 0 = -3*b + 44 + 1. Calculate the remainder when n is divided by b.
14
Suppose 3*l - 4 = 26. Let i(q) = -q**3 + 10*q**2 + 6*q - 7. Calculate the remainder when i(l) is divided by 18.
17
Let v = 16 + -11. Suppose -v*i - 5*l + 165 = -0*i, i = 3*l + 49. Calculate the remainder when i is divided by 10.
7
Let g(j) = -1 - j**2 + 3*j - 2 + j. Let l be g(3). What is the remainder when (-8)/(-12)*(l - -30) is divided by 11?
9
Let c be (-468)/(-5) + 4/10. Let n = c + -61. Calculate the remainder when 24 is divided by -1 - -3 - n/(-3).
11
Let g(j) be the first derivative of 3*j**2/2 - 5*j - 2. Calculate the remainder when 15 is divided by g(3).
3
Suppose -t + 10 = 2. What is the remainder when 53 is divided by t?
5
Suppose 5*r + 6 = m + 14, 3*r + m = 8. Suppose -7*f = -r*f - 65. What is the remainder when 98/4 - (26/(-4))/13 is divided by f?
12
Let u be -1*(-3 + 2) - 6. Let j = u + 8. Suppose -12 = 2*f - 5*f. Calculate the remainder when f is divided by j.
1
Let m be (-11)/(-88) - (-15)/8. Suppose a + 28 = m*a. Calculate the remainder when a is divided by (-3)/(3/(-11)) - 1.
8
Let w = 7 - 5. Let k be w/(-4) - (-462)/4. Let i = k + -69. Calculate the remainder when i is divided by 24.
22
Suppose 0 = 3*i - 4 - 5. What is the remainder when (-40)/(2 + 